[INFO] cloning repository https://github.com/ProgramFOX/lichess-event-stream-watcher
[INFO] running `Command { std: "git" "-c" "credential.helper=" "-c" "credential.helper=/workspace/cargo-home/bin/git-credential-null" "clone" "--bare" "https://github.com/ProgramFOX/lichess-event-stream-watcher" "/workspace/cache/git-repos/https%3A%2F%2Fgithub.com%2FProgramFOX%2Flichess-event-stream-watcher", kill_on_drop: false }`
[INFO] [stderr] Cloning into bare repository '/workspace/cache/git-repos/https%3A%2F%2Fgithub.com%2FProgramFOX%2Flichess-event-stream-watcher'...
[INFO] running `Command { std: "git" "rev-parse" "HEAD", kill_on_drop: false }`
[INFO] [stdout] f278b41a2ff2c8017e310aad9c2a8b9eb648b3cf
[INFO] checking ProgramFOX/lichess-event-stream-watcher against master#af3c6e733a40e671550e0f0f5aeecaa13772ba56 for pr-74989
[INFO] running `Command { std: "git" "clone" "/workspace/cache/git-repos/https%3A%2F%2Fgithub.com%2FProgramFOX%2Flichess-event-stream-watcher" "/workspace/builds/worker-12/source", kill_on_drop: false }`
[INFO] [stderr] Cloning into '/workspace/builds/worker-12/source'...
[INFO] [stderr] done.
[INFO] validating manifest of git repo https://github.com/ProgramFOX/lichess-event-stream-watcher on toolchain af3c6e733a40e671550e0f0f5aeecaa13772ba56
[INFO] running `Command { std: "/workspace/cargo-home/bin/cargo" "+af3c6e733a40e671550e0f0f5aeecaa13772ba56" "read-manifest" "--manifest-path" "Cargo.toml", kill_on_drop: false }`
[INFO] started tweaking git repo https://github.com/ProgramFOX/lichess-event-stream-watcher
[INFO] finished tweaking git repo https://github.com/ProgramFOX/lichess-event-stream-watcher
[INFO] tweaked toml for git repo https://github.com/ProgramFOX/lichess-event-stream-watcher written to /workspace/builds/worker-12/source/Cargo.toml
[INFO] crate git repo https://github.com/ProgramFOX/lichess-event-stream-watcher already has a lockfile, it will not be regenerated
[INFO] running `Command { std: "/workspace/cargo-home/bin/cargo" "+af3c6e733a40e671550e0f0f5aeecaa13772ba56" "fetch" "--locked" "--manifest-path" "Cargo.toml", kill_on_drop: false }`
[INFO] running `Command { std: "docker" "create" "-v" "/var/lib/crater-agent-workspace/builds/worker-12/target:/opt/rustwide/target:rw,Z" "-v" "/var/lib/crater-agent-workspace/builds/worker-12/source:/opt/rustwide/workdir:ro,Z" "-v" "/var/lib/crater-agent-workspace/cargo-home:/opt/rustwide/cargo-home:ro,Z" "-v" "/var/lib/crater-agent-workspace/rustup-home:/opt/rustwide/rustup-home:ro,Z" "-e" "SOURCE_DIR=/opt/rustwide/workdir" "-e" "CARGO_TARGET_DIR=/opt/rustwide/target" "-e" "CARGO_HOME=/opt/rustwide/cargo-home" "-e" "RUSTUP_HOME=/opt/rustwide/rustup-home" "-w" "/opt/rustwide/workdir" "-m" "1610612736" "--user" "0:0" "--network" "none" "rustops/crates-build-env@sha256:d92eaeed33fa75130ca1ee6c8a01d1ffb62bac859dfdfb3450e3e5d1c0146529" "/opt/rustwide/cargo-home/bin/cargo" "+af3c6e733a40e671550e0f0f5aeecaa13772ba56" "metadata" "--no-deps" "--format-version=1", kill_on_drop: false }`
[INFO] [stdout] 9a11df3259de41368c7a9c5535059dd0e081d11a664cd35a62c6e735fe4f630e
[INFO] [stderr] WARNING: Your kernel does not support swap limit capabilities or the cgroup is not mounted. Memory limited without swap.
[INFO] running `Command { std: "docker" "start" "-a" "9a11df3259de41368c7a9c5535059dd0e081d11a664cd35a62c6e735fe4f630e", kill_on_drop: false }`
[INFO] running `Command { std: "docker" "inspect" "9a11df3259de41368c7a9c5535059dd0e081d11a664cd35a62c6e735fe4f630e", kill_on_drop: false }`
[INFO] running `Command { std: "docker" "rm" "-f" "9a11df3259de41368c7a9c5535059dd0e081d11a664cd35a62c6e735fe4f630e", kill_on_drop: false }`
[INFO] [stdout] 9a11df3259de41368c7a9c5535059dd0e081d11a664cd35a62c6e735fe4f630e
[INFO] running `Command { std: "docker" "create" "-v" "/var/lib/crater-agent-workspace/builds/worker-12/target:/opt/rustwide/target:rw,Z" "-v" "/var/lib/crater-agent-workspace/builds/worker-12/source:/opt/rustwide/workdir:ro,Z" "-v" "/var/lib/crater-agent-workspace/cargo-home:/opt/rustwide/cargo-home:ro,Z" "-v" "/var/lib/crater-agent-workspace/rustup-home:/opt/rustwide/rustup-home:ro,Z" "-e" "SOURCE_DIR=/opt/rustwide/workdir" "-e" "CARGO_TARGET_DIR=/opt/rustwide/target" "-e" "CARGO_INCREMENTAL=0" "-e" "RUST_BACKTRACE=full" "-e" "RUSTFLAGS=--cap-lints=forbid" "-e" "CARGO_HOME=/opt/rustwide/cargo-home" "-e" "RUSTUP_HOME=/opt/rustwide/rustup-home" "-w" "/opt/rustwide/workdir" "-m" "1610612736" "--user" "0:0" "--network" "none" "rustops/crates-build-env@sha256:d92eaeed33fa75130ca1ee6c8a01d1ffb62bac859dfdfb3450e3e5d1c0146529" "/opt/rustwide/cargo-home/bin/cargo" "+af3c6e733a40e671550e0f0f5aeecaa13772ba56" "check" "--frozen" "--all" "--all-targets" "--message-format=json", kill_on_drop: false }`
[INFO] [stderr] WARNING: Your kernel does not support swap limit capabilities or the cgroup is not mounted. Memory limited without swap.
[INFO] [stdout] f1ea180b7ce4952149069ff5715ab64f8a07331442a739bddf95a03f3ab5348f
[INFO] running `Command { std: "docker" "start" "-a" "f1ea180b7ce4952149069ff5715ab64f8a07331442a739bddf95a03f3ab5348f", kill_on_drop: false }`
[INFO] [stderr]     Checking libc v0.2.43
[INFO] [stderr]     Checking cfg-if v0.1.5
[INFO] [stderr]    Compiling version_check v0.1.4
[INFO] [stderr]     Checking byteorder v1.2.4
[INFO] [stderr]     Checking futures v0.1.23
[INFO] [stderr]    Compiling cc v1.0.18
[INFO] [stderr]    Compiling pkg-config v0.3.13
[INFO] [stderr]     Checking nodrop v0.1.12
[INFO] [stderr]     Checking slab v0.4.1
[INFO] [stderr]     Checking memoffset v0.2.1
[INFO] [stderr]     Checking lazycell v0.6.0
[INFO] [stderr]     Checking scopeguard v0.3.3
[INFO] [stderr]    Compiling typenum v1.10.0
[INFO] [stderr]    Compiling openssl v0.10.11
[INFO] [stderr]    Compiling num-traits v0.2.6
[INFO] [stderr]     Checking itoa v0.4.2
[INFO] [stderr]    Compiling httparse v1.3.2
[INFO] [stderr]    Compiling proc-macro2 v0.4.12
[INFO] [stderr]     Checking bitflags v1.0.4
[INFO] [stderr]    Compiling native-tls v0.2.1
[INFO] [stderr]    Compiling unicode-xid v0.1.0
[INFO] [stderr]     Checking matches v0.1.8
[INFO] [stderr]    Compiling serde v1.0.71
[INFO] [stderr]    Compiling num-integer v0.1.39
[INFO] [stderr]     Checking ucd-util v0.1.3
[INFO] [stderr]     Checking indexmap v1.0.1
[INFO] [stderr]     Checking unicode-normalization v0.1.7
[INFO] [stderr]    Compiling ryu v0.2.3
[INFO] [stderr]     Checking string v0.1.1
[INFO] [stderr]    Compiling regex v1.0.6
[INFO] [stderr]     Checking rand_core v0.2.1
[INFO] [stderr]     Checking safemem v0.2.0
[INFO] [stderr]     Checking percent-encoding v1.0.1
[INFO] [stderr]     Checking utf8-ranges v1.0.2
[INFO] [stderr]     Checking utf-8 v0.7.4
[INFO] [stderr]     Checking log v0.4.3
[INFO] [stderr]     Checking crossbeam-utils v0.3.2
[INFO] [stderr]     Checking arrayvec v0.4.7
[INFO] [stderr]     Checking unicode-bidi v0.3.4
[INFO] [stderr]     Checking regex-syntax v0.6.3
[INFO] [stderr]     Checking iovec v0.1.2
[INFO] [stderr]     Checking net2 v0.2.33
[INFO] [stderr]     Checking num_cpus v1.8.0
[INFO] [stderr]     Checking rand v0.4.2
[INFO] [stderr]     Checking time v0.1.40
[INFO] [stderr]     Checking base64 v0.9.2
[INFO] [stderr]    Compiling lazy_static v1.1.0
[INFO] [stderr]    Compiling memchr v2.1.1
[INFO] [stderr]     Checking rand v0.5.5
[INFO] [stderr]     Checking bytes v0.4.9
[INFO] [stderr]     Checking mio v0.6.15
[INFO] [stderr]     Checking crossbeam-epoch v0.4.3
[INFO] [stderr]     Checking thread_local v0.3.6
[INFO] [stderr]    Compiling quote v0.6.6
[INFO] [stderr]     Checking http v0.1.10
[INFO] [stderr]     Checking input_buffer v0.2.0
[INFO] [stderr]     Checking aho-corasick v0.6.9
[INFO] [stderr]    Compiling syn v0.14.8
[INFO] [stderr]     Checking crossbeam-deque v0.3.1
[INFO] [stderr]    Compiling openssl-sys v0.9.35
[INFO] [stderr]    Compiling rlua v0.16.2
[INFO] [stderr]     Checking tokio-io v0.1.7
[INFO] [stderr]     Checking tokio-executor v0.1.3
[INFO] [stderr]     Checking want v0.0.6
[INFO] [stderr]     Checking futures-cpupool v0.1.8
[INFO] [stderr]     Checking idna v0.1.5
[INFO] [stderr]     Checking tokio-threadpool v0.1.5
[INFO] [stderr]     Checking tokio-timer v0.2.5
[INFO] [stderr]     Checking generic-array v0.9.0
[INFO] [stderr]     Checking tokio-reactor v0.1.3
[INFO] [stderr]     Checking tokio-codec v0.1.0
[INFO] [stderr]     Checking digest v0.7.5
[INFO] [stderr]     Checking chrono v0.4.6
[INFO] [stderr]     Checking sha-1 v0.7.0
[INFO] [stderr]     Checking url v1.7.1
[INFO] [stderr]     Checking tokio-tcp v0.1.1
[INFO] [stderr]     Checking tokio-udp v0.1.1
[INFO] [stderr]     Checking tokio-fs v0.1.3
[INFO] [stderr]     Checking tokio v0.1.7
[INFO] [stderr]     Checking h2 v0.1.12
[INFO] [stderr]    Compiling serde_derive v1.0.71
[INFO] [stderr]     Checking tungstenite v0.6.0
[INFO] [stderr]     Checking serde_json v1.0.26
[INFO] [stderr]     Checking serde_regex v0.3.1
[INFO] [stderr]     Checking hyper v0.12.8
[INFO] [stderr]     Checking hyper-tls v0.3.0
[INFO] [stderr]     Checking lichess-event-stream v0.1.0 (/opt/rustwide/workdir)
[INFO] [stdout] error[E0583]: file not found for module `conf`
[INFO] [stdout]   --> src/main.rs:23:1
[INFO] [stdout]    |
[INFO] [stdout] 23 | mod conf;
[INFO] [stdout]    | ^^^^^^^^^
[INFO] [stdout]    |
[INFO] [stdout]    = help: to create the module `conf`, create file "src/conf.rs"
[INFO] [stdout] 
[INFO] [stdout] 
[INFO] [stdout] error[E0583]: file not found for module `conf`
[INFO] [stdout]   --> src/main.rs:23:1
[INFO] [stdout]    |
[INFO] [stdout] 23 | mod conf;
[INFO] [stdout]    | ^^^^^^^^^
[INFO] [stdout]    |
[INFO] [stdout]    = help: to create the module `conf`, create file "src/conf.rs"
[INFO] [stdout] 
[INFO] [stdout] 
[INFO] [stdout] error[E0425]: cannot find value `SLACK_BOT_TOKEN` in module `conf`
[INFO] [stdout]   --> src/status.rs:49:35
[INFO] [stdout]    |
[INFO] [stdout] 49 | ...                   conf::SLACK_BOT_TOKEN,
[INFO] [stdout]    |                             ^^^^^^^^^^^^^^^ not found in `conf`
[INFO] [stdout] 
[INFO] [stdout] 
[INFO] [stdout] error[E0425]: cannot find value `SLACK_BOT_USER_ID` in module `conf`
[INFO] [stdout]   --> src/status.rs:50:35
[INFO] [stdout]    |
[INFO] [stdout] 50 | ...                   conf::SLACK_BOT_USER_ID,
[INFO] [stdout]    |                             ^^^^^^^^^^^^^^^^^ not found in `conf`
[INFO] [stdout] 
[INFO] [stdout] 
[INFO] [stdout] error[E0425]: cannot find value `SLACK_CHANNEL` in module `conf`
[INFO] [stdout]   --> src/status.rs:51:35
[INFO] [stdout]    |
[INFO] [stdout] 51 | ...                   conf::SLACK_CHANNEL,
[INFO] [stdout]    |                             ^^^^^^^^^^^^^ not found in `conf`
[INFO] [stdout] 
[INFO] [stdout] 
[INFO] [stdout] error[E0425]: cannot find value `TOKEN` in module `conf`
[INFO] [stdout]   --> src/main.rs:40:59
[INFO] [stdout]    |
[INFO] [stdout] 40 |         eventstream::watch_event_stream(tx.clone(), conf::TOKEN, status_tx.clone());
[INFO] [stdout]    |                                                           ^^^^^ not found in `conf`
[INFO] [stdout] 
[INFO] [stdout] 
[INFO] [stdout] error[E0425]: cannot find value `SLACK_BOT_TOKEN` in module `conf`
[INFO] [stdout]   --> src/main.rs:43:19
[INFO] [stdout]    |
[INFO] [stdout] 43 |             conf::SLACK_BOT_TOKEN,
[INFO] [stdout]    |                   ^^^^^^^^^^^^^^^ not found in `conf`
[INFO] [stdout] 
[INFO] [stdout] 
[INFO] [stdout] error[E0425]: cannot find value `SLACK_BOT_USER_ID` in module `conf`
[INFO] [stdout]   --> src/main.rs:44:19
[INFO] [stdout]    |
[INFO] [stdout] 44 |             conf::SLACK_BOT_USER_ID,
[INFO] [stdout]    |                   ^^^^^^^^^^^^^^^^^ not found in `conf`
[INFO] [stdout] 
[INFO] [stdout] 
[INFO] [stdout] error[E0425]: cannot find value `SLACK_CHANNEL` in module `conf`
[INFO] [stdout]   --> src/main.rs:45:19
[INFO] [stdout]    |
[INFO] [stdout] 45 |             conf::SLACK_CHANNEL,
[INFO] [stdout]    |                   ^^^^^^^^^^^^^ not found in `conf`
[INFO] [stdout] 
[INFO] [stdout] 
[INFO] [stdout] error[E0425]: cannot find value `TOKEN` in module `conf`
[INFO] [stdout]   --> src/main.rs:50:58
[INFO] [stdout]    |
[INFO] [stdout] 50 |         status::status_loop(status_rx, tx.clone(), conf::TOKEN, status_tx.clone());
[INFO] [stdout]    |                                                          ^^^^^ not found in `conf`
[INFO] [stdout] 
[INFO] [stdout] 
[INFO] [stdout] error[E0425]: cannot find value `TOKEN` in module `conf`
[INFO] [stdout]   --> src/main.rs:55:19
[INFO] [stdout]    |
[INFO] [stdout] 55 |             conf::TOKEN,
[INFO] [stdout]    |                   ^^^^^ not found in `conf`
[INFO] [stdout] 
[INFO] [stdout] 
[INFO] [stdout] error[E0425]: cannot find value `RULES_PATH` in module `conf`
[INFO] [stdout]   --> src/main.rs:56:19
[INFO] [stdout]    |
[INFO] [stdout] 56 |             conf::RULES_PATH,
[INFO] [stdout]    |                   ^^^^^^^^^^ not found in `conf`
[INFO] [stdout] 
[INFO] [stdout] 
[INFO] [stdout] error[E0425]: cannot find value `SLACK_BOT_TOKEN` in module `conf`
[INFO] [stdout]   --> src/main.rs:57:19
[INFO] [stdout]    |
[INFO] [stdout] 57 |             conf::SLACK_BOT_TOKEN,
[INFO] [stdout]    |                   ^^^^^^^^^^^^^^^ not found in `conf`
[INFO] [stdout] 
[INFO] [stdout] 
[INFO] [stdout] error[E0425]: cannot find value `SLACK_CHANNEL` in module `conf`
[INFO] [stdout]   --> src/main.rs:58:19
[INFO] [stdout]    |
[INFO] [stdout] 58 |             conf::SLACK_CHANNEL,
[INFO] [stdout]    |                   ^^^^^^^^^^^^^ not found in `conf`
[INFO] [stdout] 
[INFO] [stdout] 
[INFO] [stdout] error[E0425]: cannot find value `SLACK_NOTIFY_CHANNEL` in module `conf`
[INFO] [stdout]   --> src/main.rs:59:19
[INFO] [stdout]    |
[INFO] [stdout] 59 |             conf::SLACK_NOTIFY_CHANNEL,
[INFO] [stdout]    |                   ^^^^^^^^^^^^^^^^^^^^ not found in `conf`
[INFO] [stdout] 
[INFO] [stdout] 
[INFO] [stdout] error[E0425]: cannot find value `SLACK_BOT_TOKEN` in module `conf`
[INFO] [stdout]   --> src/status.rs:49:35
[INFO] [stdout]    |
[INFO] [stdout] 49 | ...                   conf::SLACK_BOT_TOKEN,
[INFO] [stdout]    |                             ^^^^^^^^^^^^^^^ not found in `conf`
[INFO] [stdout] 
[INFO] [stdout] 
[INFO] [stdout] error[E0425]: cannot find value `SLACK_BOT_USER_ID` in module `conf`
[INFO] [stdout]   --> src/status.rs:50:35
[INFO] [stdout]    |
[INFO] [stdout] 50 | ...                   conf::SLACK_BOT_USER_ID,
[INFO] [stdout]    |                             ^^^^^^^^^^^^^^^^^ not found in `conf`
[INFO] [stdout] 
[INFO] [stdout] 
[INFO] [stdout] error[E0425]: cannot find value `SLACK_CHANNEL` in module `conf`
[INFO] [stdout]   --> src/status.rs:51:35
[INFO] [stdout]    |
[INFO] [stdout] 51 | ...                   conf::SLACK_CHANNEL,
[INFO] [stdout]    |                             ^^^^^^^^^^^^^ not found in `conf`
[INFO] [stdout] 
[INFO] [stdout] 
[INFO] [stdout] error[E0425]: cannot find value `TOKEN` in module `conf`
[INFO] [stdout]   --> src/main.rs:40:59
[INFO] [stdout]    |
[INFO] [stdout] 40 |         eventstream::watch_event_stream(tx.clone(), conf::TOKEN, status_tx.clone());
[INFO] [stdout]    |                                                           ^^^^^ not found in `conf`
[INFO] [stdout] 
[INFO] [stdout] 
[INFO] [stdout] error[E0425]: cannot find value `SLACK_BOT_TOKEN` in module `conf`
[INFO] [stdout]   --> src/main.rs:43:19
[INFO] [stdout]    |
[INFO] [stdout] 43 |             conf::SLACK_BOT_TOKEN,
[INFO] [stdout]    |                   ^^^^^^^^^^^^^^^ not found in `conf`
[INFO] [stdout] 
[INFO] [stdout] 
[INFO] [stdout] error[E0425]: cannot find value `SLACK_BOT_USER_ID` in module `conf`
[INFO] [stdout]   --> src/main.rs:44:19
[INFO] [stdout]    |
[INFO] [stdout] 44 |             conf::SLACK_BOT_USER_ID,
[INFO] [stdout]    |                   ^^^^^^^^^^^^^^^^^ not found in `conf`
[INFO] [stdout] 
[INFO] [stdout] 
[INFO] [stdout] error[E0425]: cannot find value `SLACK_CHANNEL` in module `conf`
[INFO] [stdout]   --> src/main.rs:45:19
[INFO] [stdout]    |
[INFO] [stdout] 45 |             conf::SLACK_CHANNEL,
[INFO] [stdout]    |                   ^^^^^^^^^^^^^ not found in `conf`
[INFO] [stdout] 
[INFO] [stdout] 
[INFO] [stdout] error[E0425]: cannot find value `TOKEN` in module `conf`
[INFO] [stdout]   --> src/main.rs:50:58
[INFO] [stdout]    |
[INFO] [stdout] 50 |         status::status_loop(status_rx, tx.clone(), conf::TOKEN, status_tx.clone());
[INFO] [stdout]    |                                                          ^^^^^ not found in `conf`
[INFO] [stdout] 
[INFO] [stdout] 
[INFO] [stdout] error[E0425]: cannot find value `TOKEN` in module `conf`
[INFO] [stdout]   --> src/main.rs:55:19
[INFO] [stdout]    |
[INFO] [stdout] 55 |             conf::TOKEN,
[INFO] [stdout]    |                   ^^^^^ not found in `conf`
[INFO] [stdout] 
[INFO] [stdout] 
[INFO] [stdout] error[E0425]: cannot find value `RULES_PATH` in module `conf`
[INFO] [stdout]   --> src/main.rs:56:19
[INFO] [stdout]    |
[INFO] [stdout] 56 |             conf::RULES_PATH,
[INFO] [stdout]    |                   ^^^^^^^^^^ not found in `conf`
[INFO] [stdout] 
[INFO] [stdout] 
[INFO] [stdout] error[E0425]: cannot find value `SLACK_BOT_TOKEN` in module `conf`
[INFO] [stdout]   --> src/main.rs:57:19
[INFO] [stdout]    |
[INFO] [stdout] 57 |             conf::SLACK_BOT_TOKEN,
[INFO] [stdout]    |                   ^^^^^^^^^^^^^^^ not found in `conf`
[INFO] [stdout] 
[INFO] [stdout] 
[INFO] [stdout] error[E0425]: cannot find value `SLACK_CHANNEL` in module `conf`
[INFO] [stdout]   --> src/main.rs:58:19
[INFO] [stdout]    |
[INFO] [stdout] 58 |             conf::SLACK_CHANNEL,
[INFO] [stdout]    |                   ^^^^^^^^^^^^^ not found in `conf`
[INFO] [stdout] 
[INFO] [stdout] 
[INFO] [stdout] error[E0425]: cannot find value `SLACK_NOTIFY_CHANNEL` in module `conf`
[INFO] [stdout]   --> src/main.rs:59:19
[INFO] [stdout]    |
[INFO] [stdout] 59 |             conf::SLACK_NOTIFY_CHANNEL,
[INFO] [stdout]    |                   ^^^^^^^^^^^^^^^^^^^^ not found in `conf`
[INFO] [stdout] 
[INFO] [stdout] 
[INFO] [stdout] error: aborting due to 14 previous errors
[INFO] [stdout] 
[INFO] [stdout] 
[INFO] [stdout] Some errors have detailed explanations: E0425, E0583.
[INFO] [stdout] 
[INFO] [stdout] For more information about an error, try `rustc --explain E0425`.
[INFO] [stdout] 
[INFO] [stderr] error: could not compile `lichess-event-stream`.
[INFO] [stderr] 
[INFO] [stderr] To learn more, run the command again with --verbose.
[INFO] [stderr] warning: build failed, waiting for other jobs to finish...
[INFO] [stdout] error: aborting due to 14 previous errors
[INFO] [stdout] 
[INFO] [stdout] 
[INFO] [stdout] Some errors have detailed explanations: E0425, E0583.
[INFO] [stdout] 
[INFO] [stdout] For more information about an error, try `rustc --explain E0425`.
[INFO] [stdout] 
[INFO] [stderr] error: build failed
[INFO] running `Command { std: "docker" "inspect" "f1ea180b7ce4952149069ff5715ab64f8a07331442a739bddf95a03f3ab5348f", kill_on_drop: false }`
[INFO] running `Command { std: "docker" "rm" "-f" "f1ea180b7ce4952149069ff5715ab64f8a07331442a739bddf95a03f3ab5348f", kill_on_drop: false }`
[INFO] [stdout] f1ea180b7ce4952149069ff5715ab64f8a07331442a739bddf95a03f3ab5348f
